{"id":33,"date":"2023-02-07T18:38:47","date_gmt":"2023-02-07T17:38:47","guid":{"rendered":"https:\/\/fotorogowiec.pl\/?page_id=33"},"modified":"2024-01-18T15:17:01","modified_gmt":"2024-01-18T14:17:01","slug":"contact","status":"publish","type":"page","link":"https:\/\/fotorogowiec.pl\/?page_id=33","title":{"rendered":"Kontakt"},"content":{"rendered":"\n    <div\n      class=\"alignfull flex-block flex-block--blockID--15377\"\n      data-block-id=\"blockID--15377\" \n      id=\"flex-blockid--15377\"\n      \n    >\n    <style> @media only screen and (min-width: 768px) { .flex-block--blockID--15377 { --html-font-size: 1.25vw; --height:47.5em; --bg-color: var(--scheme_1--background--default); --margin-top: 0em; --margin-bottom: 0em; } } @media only screen and (max-width: 767px) { .flex-block--blockID--15377 { --html-font-size: 4.2666666666667vw; --height: 46.6667em; --bg-color: var(--scheme_1--background--default); --margin-top: 0em; --margin-bottom: 0em; } } <\/style>\n    <div class=\"flex-block__main-container server-rendered\"><style> .flex-block__element--block-blockID--15377.flex-block__element--element_id_41740, .flex-element-animation-helper[data-id='element_id_41740'][data-block-id='blockID--15377'] { --el-width: 80em; --el-width-tablet: 80em; --el-height: 31.25em; --el-height-tablet: 31.25em; --el-actual-height: 31.25em; --el-actual-height-tablet: 31.25em; --position-top: -0.2em; --position-top-tablet: -0.2em; --position-left: -0.25em; --position-left-tablet: -0.25em; --rotateDeg: 0deg; --z-index: 1; opacity: 1;--border-radius: 0px; --object-size: cover; --object-position-x: 0%; --object-position-y: 66.192205149793%; } @media only screen and (max-width: 767px) { .flex-block__element--block-blockID--15377.flex-block__element--element_id_41740, .flex-element-animation-helper[data-id='element_id_41740'][data-block-id='blockID--15377'] { --el-width: 23.4375em; --el-width-tablet: 23.4375em; --el-height: 24.375em; --el-height-tablet: 24.375em; --el-actual-height: 24.375em; --el-actual-height-tablet: 24.375em; --position-top: 0em; --position-top-tablet: 0em; --position-left: 0em; --position-left-tablet: 0em; --rotateDeg: 0deg; --z-index: 1; opacity: 1;--border-radius: 0px; --object-size: cover; --object-position-x: 50%; --object-position-y: 50%; } } \/*ANIMATION START*\/\/*ANIMATION END*\/ .flex-block__element--block-blockID--15377.flex-block__element--element_id_82aadd4b204b, .flex-element-animation-helper[data-id='element_id_82aadd4b204b'][data-block-id='blockID--15377'] { --el-width: 0em; --el-width-tablet: 0em; --el-height: 0em; --el-height-tablet: 0em; --el-actual-height: 0em; --el-actual-height-tablet: 0em; --position-top: 0em; --position-top-tablet: 0em; --position-left: 0em; --position-left-tablet: 0em; --rotateDeg: 0deg; --z-index: 5; --border-radius: 0px; --text-vertical-align: flex-start; --text-align: left; } \/*ANIMATION START*\/\/*ANIMATION END*\/ .flex-block__element--block-blockID--15377.flex-block__element--element_id_63478, .flex-element-animation-helper[data-id='element_id_63478'][data-block-id='blockID--15377'] { --el-width: 43.875em; --el-width-tablet: 43.875em; --el-height: 1.09993em; --el-height-tablet: 1.09993em; --el-actual-height: 1.09993em; --el-actual-height-tablet: 1.09993em; --position-top: 9.625em; --position-top-tablet: 9.625em; --position-left: 18.0625em; --position-left-tablet: 18.0625em; --rotateDeg: 0deg; --z-index: 4; --border-radius: 0px; --text-vertical-align: flex-start; --text-align: center; --el-height: auto; --el-paddings: 0em 0em; } @media only screen and (max-width: 767px) { .flex-block__element--block-blockID--15377.flex-block__element--element_id_63478, .flex-element-animation-helper[data-id='element_id_63478'][data-block-id='blockID--15377'] { --el-width: 19.6875em; --el-width-tablet: 19.6875em; --el-height: 1.09524em; --el-height-tablet: 1.09524em; --el-actual-height: 1.09524em; --el-actual-height-tablet: 1.09524em; --position-top: 7.40278em; --position-top-tablet: 7.40278em; --position-left: 1.875em; --position-left-tablet: 1.875em; --rotateDeg: 0deg; --z-index: 4; --border-radius: 0px; --text-vertical-align: flex-start; --text-align: center; --el-height: auto; --el-paddings: 0em 0em; } } \/*ANIMATION START*\/\/*ANIMATION END*\/ .flex-block__element--block-blockID--15377.flex-block__element--element_id_98788, .flex-element-animation-helper[data-id='element_id_98788'][data-block-id='blockID--15377'] { --el-width: 68.75em; --el-width-tablet: 68.75em; --el-height: 17.69988em; --el-height-tablet: 17.69988em; --el-actual-height: 17.69988em; --el-actual-height-tablet: 17.69988em; --position-top: 25.55em; --position-top-tablet: 25.55em; --position-left: 5.2em; --position-left-tablet: 5.2em; --rotateDeg: 0deg; --z-index: 2; --border-radius: 0px; --backgroundColor: var(--scheme_1--background--accent); } @media only screen and (max-width: 767px) { .flex-block__element--block-blockID--15377.flex-block__element--element_id_98788, .flex-element-animation-helper[data-id='element_id_98788'][data-block-id='blockID--15377'] { --el-width: 19.6875em; --el-width-tablet: 19.6875em; --el-height: 23.48267em; --el-height-tablet: 23.48267em; --el-actual-height: 23.48267em; --el-actual-height-tablet: 23.48267em; --position-top: 21.06667em; --position-top-tablet: 21.06667em; --position-left: 1.87499em; --position-left-tablet: 1.87499em; --rotateDeg: 0deg; --z-index: 2; --border-radius: 0px; --backgroundColor: var(--scheme_1--background--accent); } } \/*ANIMATION START*\/\/*ANIMATION END*\/\/*ANIMATION START*\/\/*ANIMATION END*\/ .flex-block__element--block-blockID--15377.flex-block__element--element_id_95e78304ff39, .flex-element-animation-helper[data-id='element_id_95e78304ff39'][data-block-id='blockID--15377'] { --el-width: 16em; --el-width-tablet: 16em; --el-height: 0.78744em; --el-height-tablet: 0.78744em; --el-actual-height: 0.78744em; --el-actual-height-tablet: 0.78744em; --position-top: 26.2em; --position-top-tablet: 26.2em; --position-left: 31.5em; --position-left-tablet: 31.5em; --rotateDeg: 0deg; --z-index: 6; --border-radius: 0px; --text-vertical-align: flex-start; --text-align: left; --el-height: auto; --el-paddings: 0em 0em; } \/*ANIMATION START*\/\/*ANIMATION END*\/ .flex-block__element--block-blockID--15377.flex-block__element--element_id_54374, .flex-element-animation-helper[data-id='element_id_54374'][data-block-id='blockID--15377'] { --el-width: 50em; --el-width-tablet: 50em; --el-height: 8.31218em; --el-height-tablet: 8.31218em; --el-actual-height: 8.31218em; --el-actual-height-tablet: 8.31218em; --position-top: 30.0625em; --position-top-tablet: 30.0625em; --position-left: 15em; --position-left-tablet: 15em; --rotateDeg: 0deg; --z-index: 3; --border-radius: 0px; --text-vertical-align: flex-start; --text-align: center; --font-family: HKGrotesk-Regular; --el-height: auto; --el-paddings: 0em 0em; } @media only screen and (max-width: 767px) { .flex-block__element--block-blockID--15377.flex-block__element--element_id_54374, .flex-element-animation-helper[data-id='element_id_54374'][data-block-id='blockID--15377'] { --el-width: 16.0625em; --el-width-tablet: 16.0625em; --el-height: 20.57143em; --el-height-tablet: 20.57143em; --el-actual-height: 20.57143em; --el-actual-height-tablet: 20.57143em; --position-top: 23.5em; --position-top-tablet: 23.5em; --position-left: 3.6875em; --position-left-tablet: 3.6875em; --rotateDeg: 0deg; --z-index: 3; --border-radius: 0px; --text-vertical-align: flex-start; --text-align: center; --font-family: HKGrotesk-Regular; --el-height: auto; --el-paddings: 0em 0em; } } \/*ANIMATION START*\/\/*ANIMATION END*\/<\/style><div\n    class=\"flex-block__element flex-block__element--element_id_41740 flex-block__element--image    flex-block__element--block-blockID--15377   flex-block__element--synced \"\n    style=\"\n  \"><img class=\"flex-img-tag \" alt=\"\" sizes=\"(max-width: 767px) calc(23.4375 * 4.2666666666667vw), calc(80 * 1.25vw)\" data-srcset=\"https:\/\/fotorogowiec.pl\/wp-content\/uploads\/2023\/02\/b-13-scaled.jpg 2560w, https:\/\/fotorogowiec.pl\/wp-content\/uploads\/2023\/02\/b-13-300x200.jpg 300w, https:\/\/fotorogowiec.pl\/wp-content\/uploads\/2023\/02\/b-13-1024x683.jpg 1024w, https:\/\/fotorogowiec.pl\/wp-content\/uploads\/2023\/02\/b-13-768x512.jpg 768w, https:\/\/fotorogowiec.pl\/wp-content\/uploads\/2023\/02\/b-13-1536x1024.jpg 1536w, https:\/\/fotorogowiec.pl\/wp-content\/uploads\/2023\/02\/b-13-2048x1365.jpg 2048w\"  data-src=\"https:\/\/fotorogowiec.pl\/wp-content\/uploads\/2023\/02\/b-13-scaled.jpg\" \/><\/div><script data-element-id=\"flex-block__element--element_id_82aadd4b204b\" data-element-device=\"desktop\" type=\"text\/template\">\n    &lt;div class=&quot;flex-block__element flex-block__element--element_id_82aadd4b204b flex-block__element--text  flex-block__element--block-blockID--15377  flex-block__element--editorTagsFix &quot; style=&quot;&quot;&gt;\n      &lt;div data-font=&#039;second_level\/paragraph&#039; class=&quot;flex-block__text-content  &quot;&gt;\n        &lt;p&gt;&lt;span style=&quot;color:var(--scheme_1--text--default)&quot;&gt;This is the default content for your text block&lt;\/span&gt;&lt;\/p&gt;\n      &lt;\/div&gt;\n    &lt;\/div&gt;\n  <\/script>\n    <div class=\"flex-block__element flex-block__element--element_id_63478 flex-block__element--text  flex-block__element--block-blockID--15377  flex-block__element--editorTagsFix  flex-block__element--synced \" style=\"\">\n      <div data-font='third_level\/overline_1' class=\"flex-block__text-content  height-auto\">\n        <div class=\"spacer\"><\/div>\n      <\/div>\n    <\/div>\n  <script data-element-id=\"flex-block__element--element_id_98788\" data-element-device=\"desktop\" type=\"text\/template\">&lt;div class=&quot;flex-block__element flex-block__element--element_id_98788 flex-block__element--shape   flex-block__element--block-blockID--15377  &quot; style=&quot;&quot;&gt;&lt;\/div&gt;<\/script><script data-element-id=\"flex-block__element--element_id_98788\" data-element-device=\"mobile\" type=\"text\/template\">&lt;div class=&quot;flex-block__element flex-block__element--element_id_98788 flex-block__element--shape   flex-block__element--block-blockID--15377  &quot; style=&quot;&quot;&gt;&lt;\/div&gt;<\/script><script data-element-id=\"flex-block__element--element_id_95e78304ff39\" data-element-device=\"desktop\" type=\"text\/template\">\n    &lt;div class=&quot;flex-block__element flex-block__element--element_id_95e78304ff39 flex-block__element--text  flex-block__element--block-blockID--15377  flex-block__element--editorTagsFix &quot; style=&quot;&quot;&gt;\n      &lt;div data-font=&#039;third_level\/caption&#039; class=&quot;flex-block__text-content  height-auto&quot;&gt;\n        &lt;div class=&quot;spacer&quot;&gt;&lt;\/div&gt;\n      &lt;\/div&gt;\n    &lt;\/div&gt;\n  <\/script>\n    <div class=\"flex-block__element flex-block__element--element_id_54374 flex-block__element--text  flex-block__element--block-blockID--15377  flex-block__element--editorTagsFix  flex-block__element--synced \" style=\"--font-size: 1.1875em;--line-height: 1.4em;--letter-spacing: 0em;\">\n      <div  class=\"flex-block__text-content  height-auto\">\n        <p><em>Pytaj\u0105c mnie o us\u0142ug\u0119 drog\u0105 mailow\u0105 nie zapomnijcie prosz\u0119 poda\u0107 daty i miejsca wydarzenia. B\u0119d\u0119 r\u00f3wnie\u017c wdzi\u0119czny za kilka s\u0142\u00f3w o sobie, kim jeste\u015bcie, w jakim miejscu\/ stylu chcecie urz\u0105dzi\u0107 sw\u00f3j \u015blub. Odpisuj\u0119 najcz\u0119\u015bciej w ci\u0105gu kilku godzin od otrzymania wiadomo\u015bci<\/em><\/p><div class=\"spacer\"><\/div>\n      <\/div>\n    <\/div>\n  <\/div><\/div>\n\n","protected":false},"excerpt":{"rendered":"","protected":false},"author":1,"featured_media":0,"parent":0,"menu_order":0,"comment_status":"closed","ping_status":"closed","template":"","meta":{"footnotes":""},"class_list":["post-33","page","type-page","status-publish","hentry"],"fbg_featured_image_src":{"full":false,"thumbnail":false,"medium":false,"medium_large":false,"large":false,"1536x1536":false,"2048x2048":false},"fbg_excerpt":null,"_links":{"self":[{"href":"https:\/\/fotorogowiec.pl\/index.php?rest_route=\/wp\/v2\/pages\/33","targetHints":{"allow":["GET"]}}],"collection":[{"href":"https:\/\/fotorogowiec.pl\/index.php?rest_route=\/wp\/v2\/pages"}],"about":[{"href":"https:\/\/fotorogowiec.pl\/index.php?rest_route=\/wp\/v2\/types\/page"}],"author":[{"embeddable":true,"href":"https:\/\/fotorogowiec.pl\/index.php?rest_route=\/wp\/v2\/users\/1"}],"replies":[{"embeddable":true,"href":"https:\/\/fotorogowiec.pl\/index.php?rest_route=%2Fwp%2Fv2%2Fcomments&post=33"}],"version-history":[{"count":26,"href":"https:\/\/fotorogowiec.pl\/index.php?rest_route=\/wp\/v2\/pages\/33\/revisions"}],"predecessor-version":[{"id":314,"href":"https:\/\/fotorogowiec.pl\/index.php?rest_route=\/wp\/v2\/pages\/33\/revisions\/314"}],"wp:attachment":[{"href":"https:\/\/fotorogowiec.pl\/index.php?rest_route=%2Fwp%2Fv2%2Fmedia&parent=33"}],"curies":[{"name":"wp","href":"https:\/\/api.w.org\/{rel}","templated":true}]}}